ommon divisor of 33 and s?
33
Let k(d) = 15*d + 164. Let l(y) = 29*y + 326. Let z(m) = 11*k(m) - 6*l(m). Let v be z(-18). Calculate the highest common divisor of v and 205.
5
Let k = 345 - 169. Suppose k + 104 = 5*l. What is the greatest common divisor of l and 70?
14
Let r(u) = -4*u + 43. Let q be r(-28). Calculate the highest common divisor of 248 and q.
31
Let i be (-5 - 1) + (-29069 + -26)/(-11). What is the greatest common divisor of 273 and i?
91
Let u = -20237 - -20645. What is the highest common divisor of u and 312?
24
Let d be -2*1*32/(-4). Let f = 1280 + -1252. What is the greatest common divisor of d and f?
4
Let f be (-7 - 0) + ((-2)/2)/((-1)/337). Calculate the greatest common divisor of 1045 and f.
55
Let r(u) = -116*u + 1176. Let m be r(8). What is the greatest common divisor of m and 31?
31
Let j(h) = 5*h**2 + 2*h + 19. Let d(x) = -x**2 + x. Let c(k) = 4*d(k) + j(k). Let q be c(-9). Calculate the highest common divisor of q and 92.
46
Suppose -y + 20 = 11. Let j(f) = -2*f - 8. Let k(u) = -5*u - 16. Let h(z) = y*j(z) - 4*k(z). Let i be h(5). What is the greatest common factor of i and 18?
2
Let r be 9/2 + 714/(-84) + 0 + 4749. What is the highest common divisor of r and 65?
65
Let r(a) = -a**2 + 7*a - 5. Let t be r(5). Let i(n) = n**2 + 2*n + 28. Let j be i(0). Let k = -23 + j. Calculate the greatest common divisor of t and k.
5
Let a(v) = -v**2 - 7*v + 20. Let t be a(-9). Suppose 0 = k + 4*x - 38, -t*k - 13*x + 9*x = -72. Calculate the highest common factor of k and 374.
34
Suppose -1039*c - 252 = -1046*c. What is the highest common factor of 306 and c?
18
Let h = -10666 + 10769. Calculate the greatest common factor of h and 23.
1
Suppose -55*l - 152 = -3*o - 59*l, -44 = -o - 2*l. Suppose 22 = 3*z - 4*r + 2, -4*r + 16 = 0. What is the greatest common divisor of z and o?
4
Suppose -72 + 429 = -5*g + 3*j, j + 217 = -3*g. Let a be (g/(-28))/(2*3/42). Let x = 10 + -7. What is the highest common divisor of a and x?
3
Suppose 5*x - 176 = -6*x. Suppose -2*y - 14 = -3*j, -4*j - 4 + x = 4*y. Let i(h) = -2*h - 1. Let m be i(y). Calculate the greatest common factor of 1 and m.
1
Suppose 18*w - 6056 - 1994 = -17*w. Calculate the greatest common factor of w and 1242.
46
Let y = -6200 + 6260. Calculate the highest common divisor of 348 and y.
12
Let w be (-4 + (-2)/3)*(3 + -42). What is the greatest common factor of w and 98?
14
Let w(r) be the second derivative of -11*r**3/3 - 31*r**2/2 + 37*r. Let l be w(-3). What is the greatest common factor of 7 and l?
7
Suppose -2*a + 6*a = -4*x + 432, a = 3*x - 308. Suppose 9*r = -45 + 9. Let n be (20/(-30))/(r/78). What is the greatest common divisor of n and x?
13
Suppose 89*r = 80*r + 261. Let h be -2 - (-9 + 4 - r). What is the greatest common factor of 20 and h?
4
Suppose -18*p + 58*p - 3840 = 0. Suppose -a = 3*h + 2*h, 0 = -2*a - 4*h + 24. Let j be (-15)/(-2)*64/a. What is the highest common divisor of p and j?
24
Suppose 0 = 3*q - v + 71, -3*v + 5 = -2*v. Let j(s) = s**2 - 10*s + 37. Let l be j(11). Let c = q + l. What is the highest common factor of c and 52?
26
Let f be (-7 + 2430/(-50))/((-22)/385). Calculate the greatest common factor of 63 and f.
7
Let m = -71 + 98. Suppose k = 2*k + 5*v - m, -v - 10 = -2*k. Suppose k*q - 51 = 4*q. Calculate the highest common divisor of q and 51.
17
Let m be (-6 - 12)*124/3. Let t = m + 1274. What is the highest common factor of 10 and t?
10
Suppose -5*t - 255 = -5*q, 50 + 158 = 4*q - 5*t. Suppose -5*a - 6*k + 1905 = -11*k, 2*a + k - 747 = 0. Calculate the greatest common divisor of q and a.
47
Suppose -48495 = -266*n + 77855. Calculate the highest common divisor of 9690 and n.
95
Let y be (-4)/10 + 321/15. Let p be (-1290)/172*(-196)/10. Calculate the greatest common divisor of y and p.
21
Let w be 0/2 + (-9)/(27/(-813)). Suppose -8*x = -49 - w. What is the highest common factor of x and 32?
8
Let p be (0 + 1344/(-18))/((-4)/6). What is the greatest common factor of p and 2072?
56
Let x(o) = -3*o - 13. Let q be x(-9). Let j(y) = 16 + q*y - 24*y + 12*y. Let a be j(0). Calculate the highest common divisor of a and 4.
4
Suppose 0 = -p + 9 + 15. Let c = 153 + -149. Let j be (-3 + -5)/(c/(-6)). Calculate the highest common divisor of p and j.
12
Let m(d) = -4*d + 91. Let s be m(24). Let o be 1187/6 + s/(-30). Calculate the greatest common factor of o and 132.
66
Suppose -4 = -4*m, 31*i - 4*m + 19 = 36*i. Let h be 32/18*i - (-1)/(-3). Calculate the greatest common divisor of h and 155.
5
Suppose -19*b + 16*b + 1077 = 0. Suppose 2*k - b = -r, 0*r - 2*r + 536 = 3*k. What is the highest common divisor of k and 14?
14
Let d = -2946 - -3027. Calculate the greatest common divisor of 351 and d.
27
Let c(k) = -k**2 - 44*k + 253. Let t be c(5). Let n = 27 - -81. What is the highest common factor of n and t?
4
Suppose -3*z = 2*d - 96313, -5*d - 144*z + 143*z + 240828 = 0. Calculate the greatest common divisor of d and 49.
49
Let i be 1836*((-100)/(-48) + (-119)/68). What is the greatest common factor of i and 561?
51
Suppose 208*f = 253*f - 3645. What is the highest common factor of f and 189?
27
Let t be ((-8)/5)/(272/(-1020)). Suppose 2*z - k = 77, z - k - 35 = t. What is the highest common factor of 60 and z?
12
Let f(j) = -j**3 - 10*j**2 + 25*j + 16. Let q be f(-12). Suppose -2*y + 96 = -4*t, 5*t + 260 = 27*y - 22*y. Calculate the greatest common factor of q and y.
4
Let x be 11/(((-3)/20)/(-3)). Let l = 40325 - 40270. Calculate the greatest common divisor of x and l.
55
Let y be 2120/8 + ((-1)/(-4) - (-231)/(-44)). Calculate the greatest common divisor of y and 580.
20
Let w = -12 + 22. Let a = 372 - 368. Let d(g) = -g**2 + 16*g - 46. Let n be d(a). Calculate the greatest common factor of n and w.
2
Suppose 0 = -2*k + 5*z + 82 - 15, 2*k - 70 = 2*z. Suppose 2*b = -8, -b - 1818 = 5*o + 501. Let p = o - -472. Calculate the greatest common divisor of k and p.
9
Suppose 2*k + 255 = -3*k - 5*h, -2*h + 8 = 0. Let t = -47 - k. Let o(l) = l**2 - 10*l - 24. Let m be o(14). What is the highest common divisor of m and t?
8
Let t = -50 + 58. Let h(i) = i**3 - 9*i**2 + 11*i - 19. Let j be h(8). Suppose 0 = j*u - 7 - 33. What is the highest common factor of t and u?
8
Let r be 1 + 7 + 42/(-5) + (-57)/(-5). Calculate the highest common factor of r and 15037.
11
Suppose -26*h + 7*h = -3325. Let b = -159 + h. Calculate the highest common factor of b and 80.
16
Suppose o = 4*o - 60. Suppose 3*v + 5*p - 127 = 3, -3*v - 2*p = -124. What is the highest common divisor of v and o?
20
Let j be (-21020)/(-7) + 17 + (-1)/(-7). What is the highest common divisor of 20 and j?
20
Let f = 483 + -400. Let u = f + -41. Calculate the highest common divisor of u and 4.
2
Let x(n) = -n**2 - 69*n + 675. Let b be x(0). What is the greatest common divisor of b and 405?
135
Let l(b) = -b**2 - 2*b + 52. Let o be l(6). Suppose 2*n = o*r + 178, -2*n + 42 = -5*r - 141. Calculate the greatest common factor of n and 553.
79
Let f(p) = p**2 - 10*p + 26. Let d be f(11). Let u be 1548/9 - 0/1. Let w = 579 - u. What is the greatest common divisor of w and d?
37
Let s be (40/(-22) - -2) + 1032/132. Let y be -1 - (s/4 + -213). What is the highest common divisor of 21 and y?
21
Let z = -10010 + 11229. What is the highest common divisor of 212 and z?
53
Let y be (-1)/(-9) + 581347/1773. What is the greatest common factor of 8692 and y?
164
Let q(s) = -3*s**2 + 8*s + 66. Let t be q(6). What is the highest common factor of t and 5934?
6
Let o(j) = -j**3 + 48*j**2 - 47*j. Let g be o(47). Suppose g = 2*u - x - 40, -4*x - 50 = -3*u - 0*x. Calculate the greatest common divisor of u and 132.
22
Suppose -4*w - 2 = 3*r - 46, -2*r + 4*w = -16. Let b(a) = 0*a + 37 + a + 49. Let l be b(22). Calculate the greatest common divisor of l and r.
12
Let j(r) be the third derivative of r**6/30 - r**5/12 - r**4/6 + r**3/3 + 2*r**2 - 31*r. Let u be j(2). What is the greatest common factor of u and 168?
6
Let x be (3/((-21)/91))/(2/(-62)). Let n be (x/155)/(3/435). Calculate the highest common divisor of n and 58.
29
Let g = 1 + 4. Suppose g = x - 40. Let z(j) = -j**2 + 20*j + 1201. Let u be z(46). Calculate the greatest common divisor of u and x.
5
Let i be 751/3 - 4/12. Suppose -27*n - i = -37*n. Calculate the highest common divisor